me factors of 8072156?
2, 47, 42937
List the prime factors of 312449.
31, 10079
List the prime factors of 14340420.
2, 3, 5, 79669
What are the prime factors of 15834266?
2, 7, 733, 1543
What are the prime factors of 214320?
2, 3, 5, 19, 47
List the prime factors of 698049.
3, 11, 641
List the prime factors of 146370.
2, 3, 5, 7, 17, 41
What are the prime factors of 821224?
2, 102653
What are the prime factors of 466524?
2, 3, 12959
What are the prime factors of 4033823?
1747, 2309
List the prime factors of 1119345.
3, 5, 74623
List the prime factors of 1571728.
2, 23, 4271
List the prime factors of 372661.
372661
What are the prime factors of 3110119?
733, 4243
What are the prime factors of 3328092?
2, 3, 193, 479
What are the prime factors of 342315?
3, 5, 7607
List the prime factors of 19044275.
5, 193, 3947
What are the prime factors of 4446897?
3, 7, 13, 179
List the prime factors of 3704754.
2, 3, 137, 4507
What are the prime factors of 20293413?
3, 7, 966353
List the prime factors of 591210.
2, 3, 5, 6569
List the prime factors of 171104.
2, 5347
What are the prime factors of 102187?
17, 6011
List the prime factors of 2427455.
5, 31, 15661
List the prime factors of 9594702.
2, 3, 13, 131, 313
List the prime factors of 476485.
5, 233, 409
List the prime factors of 2855059.
23, 124133
What are the prime factors of 2502639?
3, 278071
List the prime factors of 4342667.
7, 17, 36493
List the prime factors of 462396.
2, 3, 11, 31, 113
List the prime factors of 37275.
3, 5, 7, 71
What are the prime factors of 1884682?
2, 942341
What are the prime factors of 26035?
5, 41, 127
List the prime factors of 3614171.
11, 79, 4159
List the prime factors of 207932.
2, 227, 229
List the prime factors of 240544.
2, 7517
List the prime factors of 3114929.
127, 24527
What are the prime factors of 107824?
2, 23, 293
What are the prime factors of 5828142?
2, 3, 971357
List the prime factors of 33503208.
2, 3, 53, 26339
What are the prime factors of 15705913?
19, 181, 4567
List the prime factors of 3864299.
23, 168013
List the prime factors of 1709204.
2, 7, 61043
What are the prime factors of 266173?
179, 1487
What are the prime factors of 243003?
3, 81001
What are the prime factors of 8357?
61, 137
List the prime factors of 13194178.
2, 61, 83, 1303
What are the prime factors of 278754?
2, 3, 7, 6637
List the prime factors of 4889662.
2, 23, 106297
What are the prime factors of 1093191?
3, 11, 157, 211
List the prime factors of 21889986.
2, 3, 1163, 3137
List the prime factors of 691592.
2, 11, 29, 271
List the prime factors of 280459.
19, 29, 509
List the prime factors of 52716.
2, 3, 23, 191
List the prime factors of 1522522.
2, 761261
List the prime factors of 12639588.
2, 3, 13, 81023
What are the prime factors of 9798978?
2, 3, 7, 181, 1289
What are the prime factors of 2077658?
2, 11, 94439
What are the prime factors of 1074895?
5, 179, 1201
What are the prime factors of 34909?
7, 4987
List the prime factors of 815651.
19, 42929
List the prime factors of 750061.
13, 57697
List the prime factors of 265328.
2, 7, 23, 103
What are the prime factors of 1036225?
5, 181, 229
List the prime factors of 3013613.
37, 79, 1031
What are the prime factors of 6418493?
6418493
What are the prime factors of 260285?
5, 52057
List the prime factors of 81594.
2, 3, 1511
List the prime factors of 1500786.
2, 3, 7, 43, 277
What are the prime factors of 6224230?
2, 5, 622423
List the prime factors of 20163745.
5, 7, 82301
What are the prime factors of 147846?
2, 3, 41, 601
List the prime factors of 629319.
3, 89, 2357
What are the prime factors of 715101?
3, 349, 683
List the prime factors of 1727936.
2, 7, 19, 29
List the prime factors of 10239145.
5, 7, 31, 9437
What are the prime factors of 6860794?
2, 127, 27011
What are the prime factors of 1314862?
2, 657431
List the prime factors of 677956.
2, 169489
What are the prime factors of 6184168?
2, 773021
List the prime factors of 1103361.
3, 7, 52541
What are the prime factors of 565228?
2, 141307
List the prime factors of 847993.
847993
List the prime factors of 9264337.
17, 544961
What are the prime factors of 245217?
3, 7, 11677
List the prime factors of 10010.
2, 5, 7, 11, 13
List the prime factors of 841316.
2, 7, 30047
What are the prime factors of 7694112?
2, 3, 80147
What are the prime factors of 302567?
302567
What are the prime factors of 20833020?
2, 3, 5, 13, 29, 307
What are the prime factors of 10919536?
2, 682471
List the prime factors of 27502001.
27502001
List the prime factors of 29666.
2, 7, 13, 163
What are the prime factors of 14712361?
17, 307, 2819
List the prime factors of 118477.
257, 461
What are the prime factors of 533162?
2, 7, 38083
What are the prime factors of 4391894?
2, 13, 31, 5449
List the prime factors of 7750437.
3, 101, 25579
What are the prime factors of 1737456?
2, 3, 7, 5171
What are the prime factors of 3344804?
2, 883, 947
What are the prime factors of 3927939?
3, 1309313
What are the prime factors of 918162?
2, 3, 7, 347
List the prime factors of 3642862.
2, 17, 307, 349
What are the prime factors of 25493?
13, 37, 53
List the prime factors of 13653460.
2, 5, 682673
List the prime factors of 11387143.
11387143
List the prime factors of 637675.
5, 23, 1109
List the prime factors of 1442257.
29, 41, 1213
List the prime factors of 14160802.
2, 7080401
What are the prime factors of 74052?
2, 3, 11, 17
List the prime factors of 6573764.
2, 17, 277, 349
What are the prime factors of 433231?
29, 14939
List the prime factors of 5480058.
2, 3, 101, 9043
List the prime factors of 462623.
7, 66089
List the prime factors of 46621.
23, 2027
List the prime factors of 10523923.
10523923
List the prime factors of 5799294.
2, 3, 19, 31, 547
What are the prime factors of 18812124?
2, 3, 131, 3989
What are the prime factors of 5794047?
3, 7, 91969
List the prime factors of 8270198.
2, 1033, 4003
What are the prime factors of 400316?
2, 7, 17, 29
What are the prime factors of 1292841?
3, 11, 1451
What are the prime factors of 25142983?
17, 1478999
What are the prime factors of 882543?
3, 294181
List the prime factors of 3192262.
2, 23, 29, 2393
List the prime factors of 239501.
37, 6473
What are the prime factors of 4879800?
2, 3, 5, 2711
List the prime factors of 142634.
2, 71317
What are the prime factors of 1476614?
2, 167, 4421
What are the prime factors of 6007701?
3, 7, 523, 547
What are the prime factors of 2504273?
31, 80783
What are the prime factors of 234427?
359, 653
List the prime factors of 982634.
2, 17, 28901
What are the prime factors of 1259184?
2, 3, 37, 709
List the prime factors of 28740935.
5, 5748187
What are the prime factors of 14619461?
14619461
What are the prime factors of 23992?
2, 2999
What are the prime factors of 3344648?
2, 17, 24593
What are the prime factors of 1168394?
2, 61, 157
List the prime factors of 7205944.
2, 900743
What are the prime factors of 3472656?
2, 3, 11, 6577
List the prime factors of 410921.
7, 47, 1249
List the prime factors of 648343.
648343
What are the prime factors of 551720?
2, 5, 13, 1061
List the prime factors of 9160.
2, 5, 229
What are the prime factors of 10154310?
2, 3, 5, 338477
What are the prime factors of 273910?
2, 5, 7, 13, 43
What are the prime factors of 7922273?
47, 168559
What are the prime factors of 41121?
3, 1523
List the prime factors of 2191464.
2, 3, 11, 2767
List the prime factors of 233861.
233861
What are the prime factors of 97983?
3, 19, 191
List the prime factors of 8125448.
2, 743, 1367
List the prime factors of 109978.
2, 11, 4999
What are the prime factors of 3931033?
47, 83639
What are the prime factors of 943867?
179, 5273
What are the prime factors of 3403647?
3, 13, 9697
List the prime factors of 365364.
2, 3, 17, 199
What are the prime factors of 2122068?
2, 3, 13, 61, 223
List the prime factors of 3356429.
17, 179, 1103
What are the prime factors of 9888361?
7, 37, 73, 523
What are the prime factors of 15678129?
3, 59, 101, 877
List the prime factors of 402161.
397, 1013
List the prime factors of 1581069.
3, 7, 75289
List the prime factors of 22748755.
5, 71, 64081
What are the prime factors of 76509?
3, 8501
What are the prime factors of 334934?
2, 17, 9851
What are the prime factors of 2726801?
